test common factor of 246738 and 2127363.
3009
What is the greatest common factor of 1220 and 4387730?
610
Calculate the highest common factor of 281 and 22395419.
281
Calculate the greatest common divisor of 49749 and 29561.
721
Calculate the highest common divisor of 821496 and 192036.
156
What is the highest common divisor of 234 and 174015426?
78
What is the greatest common factor of 1122 and 1670394?
66
What is the highest common divisor of 2376 and 133848?
792
What is the highest common divisor of 65 and 9592895?
65
Calculate the highest common factor of 198 and 8120178.
198
What is the highest common divisor of 149552 and 2115152?
208
What is the greatest common factor of 658 and 302414?
14
Calculate the greatest common factor of 25 and 326755.
5
What is the highest common divisor of 191514 and 3554370?
3246
Calculate the greatest common divisor of 52 and 20494747.
13
Calculate the highest common factor of 6857108 and 1508.
116
What is the greatest common factor of 280 and 1727900?
20
What is the highest common factor of 22635 and 273015825?
7545
What is the highest common factor of 9488007 and 795?
159
Calculate the highest common divisor of 144812 and 7667.
41
What is the greatest common factor of 531 and 93667692?
177
Calculate the highest common factor of 10829 and 74035.
221
Calculate the highest common divisor of 459 and 52486463.
17
What is the highest common factor of 103402 and 2645578?
2522
What is the greatest common divisor of 178 and 56861299?
89
Calculate the highest common factor of 62 and 138065289.
31
What is the highest common factor of 74936 and 15231728?
3944
Calculate the highest common factor of 2619 and 247347.
27
What is the highest common factor of 1236 and 969436?
412
What is the greatest common factor of 97612566 and 15?
3
What is the greatest common divisor of 79815 and 64095?
15
Calculate the highest common factor of 3186 and 6939934.
118
Calculate the greatest common divisor of 8754 and 975782118.
8754
Calculate the greatest common divisor of 157988 and 3302.
254
Calculate the greatest common divisor of 7236470150 and 15886.
15886
Calculate the greatest common factor of 3 and 39583176.
3
Calculate the greatest common factor of 68593 and 187411.
287
What is the highest common divisor of 8 and 350085304?
8
Calculate the highest common divisor of 191985 and 40605.
15
What is the greatest common divisor of 204 and 1597048?
68
What is the greatest common factor of 724679 and 120099?
817
Calculate the highest common factor of 38558 and 74672.
26
Calculate the highest common divisor of 90758808 and 48.
24
Calculate the highest common divisor of 129387818 and 14.
14
Calculate the highest common divisor of 96621 and 390015.
321
Calculate the highest common factor of 73353 and 7654161.
1497
What is the greatest common factor of 840 and 815395?
35
Calculate the highest common factor of 174 and 413301.
3
What is the highest common factor of 267386 and 97412?
994
What is the greatest common divisor of 288 and 1568898?
18
What is the highest common divisor of 12310948 and 442?
26
Calculate the greatest common divisor of 5784 and 1747973.
241
Calculate the highest common factor of 75 and 37125.
75
Calculate the greatest common factor of 1985728 and 17963.
1633
What is the greatest common factor of 720235 and 7075?
1415
What is the highest common divisor of 2844034720 and 5185?
5185
Calculate the greatest common factor of 35562202 and 3250.
26
What is the greatest common factor of 2350 and 4593545?
235
Calculate the highest common divisor of 8927 and 173003.
113
Calculate the highest common divisor of 6390649 and 797899.
7457
Calculate the highest common factor of 60691 and 3368693.
137
Calculate the highest common divisor of 12 and 8747841.
3
Calculate the highest common factor of 14 and 1590722.
14
Calculate the highest common divisor of 164 and 2715758.
82
Calculate the greatest common divisor of 155957176 and 8136.
904
What is the highest common factor of 27267864 and 192?
24
Calculate the greatest common factor of 99 and 7026437.
11
What is the highest common factor of 66 and 147953366?
22
What is the highest common divisor of 84013185 and 1935?
645
Calculate the highest common divisor of 15222 and 167184.
258
What is the highest common factor of 30238877 and 485?
97
Calculate the greatest common factor of 276 and 408485244.
276
Calculate the highest common divisor of 1925105 and 182.
91
Calculate the greatest common factor of 728368544 and 36320.
7264
What is the greatest common factor of 525905354 and 26?
26
What is the highest common factor of 12176500 and 5500?
500
What is the highest common factor of 2485793607 and 1221?
1221
Calculate the greatest common factor of 2356755 and 300.
15
Calculate the greatest common factor of 11629 and 22649.
29
Calculate the greatest common factor of 321877 and 1526.
109
What is the highest common factor of 96 and 9064284?
12
What is the highest common factor of 24 and 489228?
12
What is the greatest common factor of 3020 and 72114580?
3020
Calculate the highest common divisor of 84562744 and 728.
56
Calculate the greatest common factor of 6308513 and 544.
17
Calculate the greatest common divisor of 475 and 8056190.
95
What is the highest common divisor of 107779360 and 208?
208
What is the highest common factor of 319 and 6752350?
11
What is the greatest common divisor of 10853353 and 245?
49
Calculate the greatest common factor of 5379 and 2054613.
33
Calculate the highest common factor of 1088 and 13818416.
272
Calculate the greatest common divisor of 166290 and 95220.
690
Calculate the greatest common divisor of 99485580 and 15180.
1380
Calculate the greatest common factor of 40171 and 10008.
139
Calculate the greatest common divisor of 190736 and 6681.
131
Calculate the highest common divisor of 444980 and 261440.
380
Calculate the greatest common factor of 100473 and 108177.
321
Calculate the highest common factor of 85205 and 5.
5
Calculate the greatest common factor of 95 and 48643895.
95
Calculate the highest common factor of 33 and 663696341.
11
What is the highest common factor of 171409 and 208586?
329
What is the greatest common divisor of 17190080 and 5056?
64
Calculate the greatest common divisor of 1317414 and 14406.
294
What is the greatest common divisor of 294209 and 21032?
239
Calculate the greatest common divisor of 3652 and 188094434.
1826
Calculate the highest common factor of 115446335 and 2585.
235
What is the highest common factor of 29 and 35395022?
29
Calculate the highest common divisor of 231462 and 5082.
462
Calculate the highest common factor of 2536 and 191123421.
317
Calculate the greatest common factor of 4175264 and 1516.
4
Calculate the greatest common divisor of 1764 and 25222848.
588
Calculate the greatest common factor of 11 and 110249227.
11
What is the highest common divisor of 862 and 6444?
2
Calculate the highest common divisor of 28559630 and 726.
242
Calculate the greatest common divisor of 19965 and 200730.
15
Calculate the greatest common factor of 62219040 and 1888.
1888
What is the greatest common factor of 1357482 and 462?
42
Calculate the greatest common factor of 736666 and 12446.
98
What is the greatest common divisor of 329 and 49896798?
329
Calculate the greatest common factor of 2581184 and 497984.
1984
Calculate the greatest common factor of 9553 and 3178.
1
What is the highest common factor of 15974217 and 36547?
1589
Calculate the highest common factor of 2106 and 47862.
18
What is the highest common factor of 5529 and 659373796?
1843
What is the highest common divisor of 3472 and 1077188?
868
What is the greatest common factor of 1862 and 3846941?
49
Calculate the greatest common divisor of 139965 and 12513.
129
What is the greatest common divisor of 199168506 and 6?
6
What is the highest common factor of 96286518 and 4815?
963
What is the greatest common divisor of 750 and 138432?
6
What is the highest common factor of 1158617735 and 55?
55
Calculate the greatest common divisor of 9728 and 9834324.
76
What is the greatest common divisor of 288 and 196068528?
144
What is the greatest common divisor of 125862494 and 174?
58
Calculate the highest common divisor of 2404350 and 19710.
270
What is the highest common fact